er when 43 is divided by y?
10
Suppose -2*x = -4*u - 24, 0 = 5*u + x + 62 - 18. Let a(v) = 2*v**2 + 7*v + 36. What is the remainder when a(u) is divided by 22?
20
Suppose -u - 18 = -3*j, 5*u - j + 19 + 15 = 0. Let g be (-2 + 7)*u/10. Let o(p) = -p. What is the remainder when 4 is divided by o(g)?
1
Suppose -2*u = 4*c - 38, 0*u = 2*u + 2*c - 42. Suppose -87 + u = 4*l. Let t = -10 - l. What is the remainder when t is divided by 3?
0
Let h = -4 + 7. Let t = 283 - 285. What is the remainder when 69 is divided by 13 - (-9)/h - t?
15
Let u = 191 - 123. Let h = 48 - 26. Calculate the remainder when u is divided by h.
2
Let f = 6 + -4. Suppose -f*v - 3*v + 2*s + 711 = 0, 5*s - 153 = -v. What is the remainder when v is divided by 16?
15
Let n = -77 + 70. What is the remainder when (-2)/(-8) - (-27)/4 is divided by ((-4)/n)/((-2)/(-14))?
3
Let o be 3 - (4 + -3 + 2). Let n be 2/(2/114 + o). Suppose -5*q + n = -2*q. What is the remainder when q is divided by 13?
12
Suppose -5 = w - 11. Suppose -t + 3*t + k = w, 2*t = -5*k + 6. Suppose -39*v = -33*v - 6. What is the remainder when t is divided by v?
0
Suppose -5*a + 953 = 278. Calculate the remainder when a is divided by 38.
21
Let f(c) = c**2 - 6*c + 19. Let q = 91 - 40. Calculate the remainder when q is divided by f(7).
25
Suppose 0 = -r + 3*r. Let v be -5*(-3 + (0 - r)). Let y = v - 12. Calculate the remainder when 5 is divided by y.
2
Let n = 38 + -17. Let g be (2 - 3)*149/1. Let w = 210 + g. Calculate the remainder when w is divided by n.
19
Let t = 220 - 201. What is the remainder when 56 is divided by t?
18
Let y(b) = b. Let o be y(-2). Let w = 4 + o. Calculate the remainder when 14 is divided by w.
0
Let t(o) = -o + 23. Calculate the remainder when 119 is divided by t(-18).
37
Suppose 3*i = -2*n + 13, -n + 22 = 3*i + 14. Suppose 4*z = 3*z + 2. Suppose -z*j - 39 = -n*b, 2*b + 4*j - 22 = 8. What is the remainder when 24 is divided by b?
6
Suppose -33*j + 6542 + 19198 = 0. Calculate the remainder when j is divided by 11.
10
Suppose 2*f - 47 + 9 = 0. Suppose 18 = 5*j + 3*k, 0 = 2*j - 3*k + 5125 - 5128. Calculate the remainder when f is divided by j.
1
Suppose -d + 3 = h, 19 = 3*h + 6*d - d. Let w = 5 + h. Calculate the remainder when 1/(-1)*-19*w is divided by 15.
12
What is the remainder when 50/4*3420/150 is divided by 26?
25
Suppose 18*b = 25*b - 70. What is the remainder when 202 is divided by -130*((-44)/b - -4)?
46
Suppose -y - 27 = 72. Let u = 154 + y. Calculate the remainder when u is divided by 14.
13
Let r be 2/(-8) + (-84)/(-16). Suppose -z = 2*q + 36, 4*q - q = r*z - 28. Calculate the remainder when 24/q - 274/(-4) is divided by 17.
16
Suppose 0 = 2*i + 10, 2*j - 2*i - 117 = -3*i. Calculate the remainder when j is divided by 12/((-39)/12 - -4).
13
Suppose 3*s + 31*s - 2414 = 0. What is the remainder when s is divided by 26?
19
Let i(n) = -n**3 + 8*n**2 + 9*n - 11. Let s be i(6). Let y = 156 - s. Calculate the remainder when 203 is divided by y.
39
Let z(x) = -3*x - 4 + x + 8*x**2 - 7*x + 7*x. Calculate the remainder when 94 is divided by z(-2).
30
Let q be (-364)/(-10) - (-1)/10*-4. Suppose q = 4*x + 8. What is the remainder when 38 is divided by x?
3
What is the remainder when (240 + -121)*(-3)/(-7) is divided by 9?
6
Suppose -10*r + 134 = 34. Calculate the remainder when 198 is divided by r.
8
Calculate the remainder when 479 is divided by -3*(-12)/(-18)*138/(-4).
65
Suppose 2*x = -t + 7*x + 27, -2*x + 13 = 3*t. Calculate the remainder when 67 is divided by t.
4
Let f(t) = -t**3 - 11*t**2 + 12. Let c be f(-11). Let q = 82 - c. Calculate the remainder when q is divided by 24.
22
Suppose v = -3*b + 17, 5*v - 1 - 4 = b. Suppose b*a - 1875 = -575. Suppose -9*x = -5*x - a. Calculate the remainder when x is divided by 33.
32
Let b = -5 + 23. Let d(h) = 5*h**2 - 96*h + 292. What is the remainder when d(3) is divided by b?
13
Suppose 0 = -15*x + 220 - 10. Let r = 53 - 30. Calculate the remainder when r is divided by x.
9
Suppose -37*p = -12*p - 2200. Calculate the remainder when p is divided by 28.
4
Let d be (1/(-3)*0)/(-1). Suppose d = -4*q + 32 - 4. What is the remainder when 23 - 3*2*12/(-18) is divided by q?
6
Let t be (1 + (-5 - -5))*1*-3. What is the remainder when t/(-3 + 240/85) is divided by (-2)/(2/(-6) + 0)?
5
Let j(l) = -2*l**3 + 12*l**2 - 7*l + 7. What is the remainder when j(5) is divided by 11?
0
Let n(t) = 3*t + 760. What is the remainder when n(-36) is divided by 166?
154
Calculate the remainder when -11 - (-9)/(-18)*-450 is divided by 203.
11
Suppose -1 - 1 = 2*c. Let k(o) = -29*o**3 + o**2 + 2*o + 1. Suppose -2*b - 3*b = -50. What is the remainder when k(c) is divided by b?
9
What is the remainder when (((-3240)/(-14))/(-5))/(52/(-182)) is divided by 149?
13
Let q(t) = 7*t**2 + 5*t - 26. What is the remainder when q(3) is divided by -6*((-150)/36 - -1)?
14
Suppose 13 - 31 = 2*a. Let b = 14 + a. Calculate the remainder when ((-5)/4)/(b/(-20)) is divided by 3.
2
Suppose 0 = 29*g - 0*g - 348. Suppose 3*n - 13 = 2*c, 3*n + c = 4*c + 12. Suppose -p = -0 - n. What is the remainder when g is divided by p?
2
What is the remainder when 136 is divided by ((-245)/10)/((-2)/12*3)?
38
Let c(p) be the first derivative of p**3/3 - 3*p**2/2 - 2*p - 12. What is the remainder when c(-5) is divided by 5?
3
Suppose 5*i = -2*t + 8, 0*i = -4*i. Suppose 0 = t*c - 4*y - 84, 42 = 3*c - y - 21. Suppose 4 = -u + 7. What is the remainder when c is divided by u?
0
Suppose -2*d = -7*d. Let k = 4 - d. Suppose -4*n = n - 10. What is the remainder when k is divided by n?
0
Suppose -5*r - 13 + 53 = 0. Suppose r = k - 30. What is the remainder when k is divided by 8?
6
Let m(b) = 40*b - 204. Calculate the remainder when 59 is divided by m(6).
23
Let a = 560 - 526. What is the remainder when 155 is divided by a?
19
Suppose 127*i - 148*i = -2814. What is the remainder when i is divided by 49?
36
Suppose -19*y + 2648 = -867. Calculate the remainder when y is divided by 49.
38
Let q = -37 - -66. What is the remainder when 93 is divided by q?
6
Let v(u) = u - 10. Suppose -4*s = -3*k - 31, -k = -3*s + k + 23. Let x be v(s). What is the remainder when 47 is divided by 1 + -1 + 13 + x?
7
Let c = -18 - -145. Calculate the remainder when c/(-1)*(-5 + 4) is divided by 13.
10
Suppose 5*k + 11*x - 50 = 14*x, -k + 10 = 5*x. Calculate the remainder when 16 is divided by k.
6
Let t = 90 - 73. Let v = -23 + 51. What is the remainder when v is divided by t?
11
Let p = -315 + 387. Calculate the remainder when 141 is divided by p.
69
Let d(c) = c**2 + 8*c. Let w be d(-8). Suppose w = 4*t - 132 + 24. Calculate the remainder when 294 is divided by t.
24
Let k = 945 + -598. Calculate the remainder when k is divided by 12.
11
Let b = -45 + 55. What is the remainder when b is divided by (-1 + 0)/(1/(-7))?
3
Suppose -2*r = -4*u + 26, 0*u - 3*u - r + 12 = 0. Calculate the remainder when 25 is divided by u.
0
Let v = -155 + 284. What is the remainder when v is divided by 36?
21
Let r = -3 - -10. Let s(u) = -2*u - 1. Let n be s(-3). Suppose 58 + 0 = 3*k + 2*z, 4*k + n*z = 75. What is the remainder when k is divided by r?
6
Let q(g) = -9*g**2 - 2*g**3 - 9*g + g**3 - g**2 + g**2 - 5. Let w be q(-8). Suppose 0 = 4*m - w*m - 15. Calculate the remainder when m is divided by 6.
3
Let h(m) = m**3 + 15*m**2 + 15*m - 4. Let s be h(-11). Suppose s = 15*d - 8*d. What is the remainder when d is divided by 7?
3
Suppose -4*m - 198 = -10*m. Calculate the remainder when 42 is divided by m.
9
Let m = -8 + 13. Calculate the remainder when (4/14)/1 + 5*286/91 is divided by m.
1
Let k(b) = -b - 10. Suppose -4*g = -5*g - 6. Let w be k(g). What is the remainder when 7 is divided by 0/(-4) + w/(-2)?
1
Suppose 5*j - 34 = 21. Calculate the remainder when 131 is divided by j.
10
Suppose -2*i - 3*f + 134 = 0, -76 = 4*i + 2*f - 328. Calculate the remainder when 120 is divided by i.
59
Suppose -5*n - 4*i = 19 - 120, 5 = n - 3*i. What is the remainder when 339 is divided by n?
16
Suppose 2*k + 0*q = 5*q + 20, -3*k = q - 13. Suppose k*y + 63 = x, -4*y = -2*y - 3*x + 20. Let a = y + 26. What is the remainder when 37 is divided by a?
11
Let f(z) = -z**3 + z**2 + 3*z + 3. Calculate the remainder when -12 - -3 - -14 - -56 is divided by f(-2).
7
Suppose 3*g - 3*p - 24 =